What are the prime factors of w?
3, 7
Let n = -47 - -49. Let k(p) = -p + 5. Let d be k(n). Let f(c) = 57*c - 9. List the prime factors of f(d).
2, 3
Let x = -38 - -38. Suppose -13*k + 11*k + 32 = x. Suppose -k*y = -8*y - 1720. List the prime factors of y.
5, 43
Let b = 91554 + -58555. What are the prime factors of b?
32999
List the prime factors of (-9)/8 - -1 - 1150756/(-32).
3, 11987
Let q(c) = -14*c**3 - 3*c**2 + 25*c - 37. What are the prime factors of q(-5)?
17, 89
Let q(x) = 97*x**2 - 35*x + 977. What are the prime factors of q(24)?
56009
Let x(i) = i**3 + i**2 + 2*i - 3. Let v be x(0). Let s be 1 + (2/6 + 0)*v. Suppose s = -0*z + 4*z - 588. List the prime factors of z.
3, 7
Suppose 3*k = 2*w - 14680 - 4667, -4*k = -5*w + 48357. List the prime factors of w.
3, 11, 293
Let k be (7/((-63)/(-240)) - 0)*9. Let m = 809 - k. What are the prime factors of m?
569
Suppose 0 = -4*q - 3*m + 170, -q - 3*q + 3*m = -182. Let w = q - 291. Let c = -76 - w. What are the prime factors of c?
3, 19
Let u be 34/(-3) + (-4)/6. Let k(o) = -7*o - 24. Let w(p) = -38*p - 122. Let a(t) = -11*k(t) + 2*w(t). What are the prime factors of a(u)?
2
Suppose a = d + 42, 0 = -7*a + 4*a - 4*d + 91. Suppose 2*x = -46 + 14. Let k = x + a. What are the prime factors of k?
3, 7
Let j be (7/(-2) + 2)*(-8)/6. Let i(c) = 42*c**2 + 4*c - 3. Let y be i(j). Suppose 3*f - y = 151. List the prime factors of f.
2, 3
List the prime factors of 8/((-96)/(-40134)) + 9/6.
2, 7, 239
Let l = -4992 + 33500. What are the prime factors of l?
2, 7127
Let l be (-10)/(-115) - 284184/(-46). Let j be l/22 + 1 + 27/(-33). Suppose 49 = 5*k - j. What are the prime factors of k?
2, 3, 11
Let y = 31155 + -12978. List the prime factors of y.
3, 73, 83
Suppose 1283 = -5*i - 2*k - 401, -358 = i + 11*k. Let o be -473 + 1/((-2)/4). Let a = i - o. List the prime factors of a.
139
Suppose 0 = 2*d + 10*t - 6*t - 1130, 3*d - 1684 = 5*t. Let l = -360 + d. What are the prime factors of l?
7, 29
Suppose -80 = l - 5*l. Let y = 22 - l. What are the prime factors of y/(4/246) - -1?
2, 31
Let d(x) = -x**3 + 16*x**2 - 96*x - 54. List the prime factors of d(-28).
2, 5, 47, 79
Let a be ((-2)/(-4))/(11/(-132)). Let u be a/(-8) - (-52)/(-16)*-1. What are the prime factors of (-40)/(-12) - u - (-726)/9?
2, 5
Let w = 2318 + -1543. Suppose -1787 - w = -14*c. Let f = c + -93. List the prime factors of f.
2, 3, 5
Suppose -79 = -5*d + 201. Let y be (-2 + d)/(3/(-6)). Let m = 238 + y. List the prime factors of m.
2, 5, 13
Let n = 2470 + 1396. What are the prime factors of n?
2, 1933
List the prime factors of (495/(-90))/(1/(-1382)).
11, 691
Let n(r) = 11*r**2 - 61*r + 756. List the prime factors of n(33).
2, 3, 1787
Let h(v) = 4 - 545*v**2 + 53 - 2*v - 5*v - v**3 + 532*v**2. List the prime factors of h(-14).
3, 13
Let i(b) = b**3 - b**2 - 2*b - 8. Let d be i(-4). Let u = d - -89. Let q = 77 + u. What are the prime factors of q?
2, 43
Let a(w) = w**3 + 33*w**2 - 58*w - 41. List the prime factors of a(21).
5, 13, 347
Suppose 0 = n - 82 - 4. Suppose n = k - 91. List the prime factors of k.
3, 59
Let t be (18/27)/(8/(-3) + 2). Let z be (-6)/(-18)*t*9 - -3. Suppose l - 1 - 94 = z. List the prime factors of l.
5, 19
Let k(j) = 9*j**3 + 12*j**2 - 2*j - 6. Let c be k(4). Suppose -9*r + c = -2. What are the prime factors of r?
2, 3, 7
Let j be ((-24)/4)/12*-14. Suppose 6*q - j*q + 400 = 0. What are the prime factors of q?
2, 5
Suppose -2*f + 3547 = -22*l + 21*l, -f + l + 1772 = 0. What are the prime factors of f?
5, 71
Let b = 219 + -135. Let a = 311 + b. List the prime factors of a.
5, 79
Let b = 780 + -493. Suppose 0 = -3*k - 2*u - 123 - b, 0 = -k - u - 136. Let h = k - -274. What are the prime factors of h?
2, 17
Let v(g) = 6*g**2 + 15*g - 2. Suppose -m + 9 = 2*m - 3*y, 3*m - 17 = 5*y. Let r be ((-5)/m - 3 - 1)*-8. What are the prime factors of v(r)?
2, 131
Let s = 20066 + 13086. List the prime factors of s.
2, 7, 37
Let o = -53 + 53. Suppose o - 12 = -3*n. Suppose -3*q - n*p = -470, -q + 2*p + 766 = 4*q. List the prime factors of q.
2, 7, 11
What are the prime factors of 12/15*((-1186303)/(-38) + 2 + -3)?
2, 12487
Suppose 0 = -5*l + 5*b + 94705, -5*b = 9 - 34. List the prime factors of l.
2, 9473
Suppose 5*s - 35972 = -13*s + 74890. List the prime factors of s.
3, 2053
Let a = 127 + -123. Suppose -a*j - 3*y + 472 = 0, -5*j + 476 + 114 = -4*y. List the prime factors of j.
2, 59
Let j = 1690 + -414. Let a = 2591 - j. What are the prime factors of a?
5, 263
Suppose 193*l = -h + 191*l + 10973, 0 = 2*h + 5*l - 21943. What are the prime factors of h?
10979
List the prime factors of -2*((-1543553)/22)/23.
6101
Suppose -3*f - 5*z = -0*f + 19, z + 7 = -f. Let m(s) = -36*s + 221. List the prime factors of m(f).
509
Let s be 7 + -1 + 88/(-11). List the prime factors of (10822/(-21) + 8)/(s/3).
761
Let p be ((-585)/24)/(-5) + 2/16. Suppose 0 = z + 5*v - 382, p*z + 8*v - 1966 = 11*v. What are the prime factors of z?
2, 7
Let m(p) = 41*p + 78. Let r(c) = -204*c - 393. Let v(z) = 21*m(z) + 4*r(z). List the prime factors of v(7).
3, 127
Suppose -105334 = 22*h - 476804. List the prime factors of h.
5, 11, 307
Suppose 8*z - 17813 = 18315. What are the prime factors of z?
2, 1129
Suppose -5*y = -5 - 5. Suppose -c = 4*c - y*n - 79, 6 = -3*n. Let h(l) = -l**2 + 16*l. What are the prime factors of h(c)?
3, 5
Suppose -11*x - 3*x = -14742. Suppose -6*u + x = -603. What are the prime factors of u?
2, 3, 23
Suppose 1799 + 4181 = 5*g. Suppose 6*y + g - 4358 = 0. List the prime factors of y.
17, 31
Let t(a) = -9*a**2 - 27*a + 100. Let b(y) = -2*y**2 - y + 1. Let j(n) = 3*b(n) - t(n). List the prime factors of j(-20).
7, 89
Let u = -44 - -86. Let b = 44 - u. Suppose 5*t + n - 483 = -0*t, -b*n - 4 = 0. List the prime factors of t.
97
Let c be (-69)/((1/2)/(36/24)). Let s = 379 + c. Suppose 0 = -7*b + 8*b - s. What are the prime factors of b?
2, 43
Let t(k) = -k - 8. Let v be t(-19). Suppose v = -7*x + 25. Let w = 86 - x. List the prime factors of w.
2, 3, 7
Suppose 101*f - 106*f = 3*w - 305468, f - 8*w - 61128 = 0. What are the prime factors of f?
2, 7, 1091
Let p = -6621 + 13001. List the prime factors of p.
2, 5, 11, 29
Let l be 602/49 - (-2)/(-7). Let p = -8 + l. Suppose -p*j + 4*r - r + 341 = 0, r + 440 = 5*j. What are the prime factors of j?
89
Suppose 278 + 47 = -5*l. What are the prime factors of (-13)/(l/15) + 176 + 2?
181
Suppose 3*v = -5*j + 14864, 2*j - 3*j - 9892 = -2*v. Suppose 2*s + 3*a - 1974 = 0, -5*a + v = 5*s - 4*a. List the prime factors of s.
2, 3, 5, 11
List the prime factors of (-5)/(5/(-3)) + 48/(-8) + 7405.
2, 3701
Suppose 44780 = 16*u - 107812. List the prime factors of u.
3, 11, 17
Suppose -76 = -5*o - 51, -29640 = -5*r - 4*o. List the prime factors of r.
2, 1481
Let a(n) = 1548*n**2 + 126*n + 127. List the prime factors of a(-1).
1549
What are the prime factors of (7 + 6 + 6)*(-3837)/(-3)?
19, 1279
Let i(u) = -3*u**2 - 17*u + 2. Let c be i(-5). Suppose 3*t - 2968 = -5*z, -8*z + c*z = 3*t + 2396. What are the prime factors of z?
2, 149
Suppose 53*r + 6*r - 520793 = 0. What are the prime factors of r?
7, 13, 97
Let g(m) = -80*m**3 - 3*m**2 - 5*m - 9. Let r be g(-2). Suppose 2*k - 117 - r = 0. What are the prime factors of k?
373
Let c(g) be the first derivative of -g**4 - 10*g**3/3 + 3*g**2/2 - 9*g - 390. Suppose m = -2*z + z - 8, m = -2*z - 13. What are the prime factors of c(z)?
2, 113
Let b = -3 - -5. Suppose -4*v = -3*y - 58, v = 4*v + b*y - 35. Suppose -945 = -v*w + 6*w. What are the prime factors of w?
3, 5
Let h = 25493 - 19484. List the prime factors of h.
3, 2003
Let b(l) = -53*l + 183. Let j be b(-8). Suppose -o - 2*i = -i - j, -4*i = o - 607. List the prime factors of o.
607
Let p(u) = u**2 + 7*u - 8. Let a be p(-8). Suppose 4402 = 3*h + f, -2*h - 2*f + a*f + 2936 = 0. List the prime factors of h.
3, 163
Let p = -238 + 231. What are the prime factors of -401*((-28)/p - 5)?
401
Let q(n) be the third derivative of n**6/120 - n**5/12 + 5*n**4/12 - 23*n**3/6 + 85*n**2. What are the prime factors of q(7)?
5, 29
Let y = 880 + -1379. Let k(u) = 10*u**2 + 131*u - 13. Let a be k(-10). Let x = a - y. List the prime factors of x.
2, 11
Let i(q) = 14*q - 44. Let u be i(5). List the prime factors of 34786/u - (-66)/858.
2, 3, 223
Let f be 